d by y.
52
Let l = -83 + 110. What is the remainder when l is divided by 14?
13
What is the remainder when 141 is divided by 14/8 + (-1305)/(-116)?
11
Suppose -2*w + 0*w - 10 = 0, 10 = v + w. Calculate the remainder when 18 is divided by (0 + 1 + 0)/(v/75).
3
Suppose -2*y + 1787 = 1703. Suppose 7*i - 24 = 4*i. Suppose 7 = p - i. Calculate the remainder when y is divided by p.
12
Let m(p) = -9*p + 9. Let i be m(3). Let l = -18 - i. What is the remainder when 10 is divided by 3 + l*(3 - 2)?
1
Let y be 1 - (-8)/((-1)/1). Let k = -14 - y. Calculate the remainder when 2 is divided by (-3)/(-12) + k/(-4).
0
Suppose 3*h + 5 - 68 = 0. Suppose 16 = 4*m + 3*o - 41, -2*m + h = 3*o. Calculate the remainder when 71 is divided by m.
17
What is the remainder when (-204)/9*(135/(-20))/9 is divided by 6?
5
Let g = -104 + 158. Suppose 5*o = -3*t + 134 - g, -5*o - 10 = 0. Suppose -t = 3*m - 6*m. What is the remainder when 35 is divided by m?
5
Suppose 11*d + d - 24 = 0. What is the remainder when 11 is divided by d?
1
Let l = -160 + 386. Calculate the remainder when l is divided by 42.
16
Let u be (-4)/10*(5 - 15 - 0). Suppose 0*l + 4*l + u*c = 128, -l + 32 = -c. What is the remainder when l is divided by 18?
14
Let p(s) = -16*s - 1. Let q be p(-2). Let w = q - 28. Calculate the remainder when w is divided by 1.
0
Suppose 0 = -4*p - 0*p + 8. Suppose -p*k = -k. Suppose k = -0*v + 5*v - 25. Calculate the remainder when v is divided by 4.
1
Let c = -20 - -40. Suppose -510*b = -515*b + 20. Calculate the remainder when c is divided by b.
0
Let d(p) = -8*p + 181. Calculate the remainder when 60 is divided by d(18).
23
Suppose -3*s + 136 = s. Calculate the remainder when (57/6)/((-4)/(-56)) is divided by s.
31
Let u(q) = -q**2 - 2*q + 4. Let s be u(-4). Let t be (s - 0)/4 + 6. Suppose 10 = -3*f + t*f. What is the remainder when 17 is divided by f?
2
Suppose a - 89 = -3*p, 208 = 10*a - 8*a - 4*p. What is the remainder when a is divided by 22?
10
Calculate the remainder when 2496/(-20)*25/(-10) is divided by 79.
75
Let p(r) = r**3 + 3*r**2 - r + 2. Let v = 6 + -9. Let y be p(v). Suppose -81 + 16 = -y*o. Calculate the remainder when 38 is divided by o.
12
Let x be ((-59)/(-2))/((-3)/(-6)). Suppose 0 = i - x + 13. What is the remainder when i is divided by 4/(-15 + 7)*-48?
22
Suppose 2*v - 27 = -3*t, -2*v - 2*t + 28 = v. Suppose 22 + 123 = -5*u. Let w = u - -39. What is the remainder when w is divided by v?
4
Let f(l) = l**3 + 9*l**2 - 2*l - 10. Let t be 3/(-2)*14/(-21). Calculate the remainder when f(-7) is divided by 0 + t - 476/(-14).
32
Let j(n) = -n**2 - n - 5. Let p be j(-5). Let v = p + 51. Calculate the remainder when 51 is divided by v.
25
Suppose -136 = 54*c - 58*c. Suppose -5*w + 11 = 4*l, -5*l + 0*w - 20 = -5*w. Let h = 17 - l. What is the remainder when c is divided by h?
16
Let z(y) = -2*y**2 - 15*y - 15. Calculate the remainder when z(-5) is divided by 3.
1
Let b be 1704/18 + (-4)/6. Suppose 7*j - 3*j = 0. Suppose 3*p - b = -2*i, -4*i + p + 64 + 96 = j. What is the remainder when i is divided by 16?
9
Suppose 226 = -6*p + 10. Let m = 43 + p. Calculate the remainder when 18 is divided by m.
4
Let i(j) = 11*j**2 - 4*j + 2. Let c be i(1). Suppose 27 + c = 2*u. Calculate the remainder when u is divided by 10.
8
Let f(o) = 7*o**2 + 4*o + 6. Let l be f(6). Suppose 4*y + l = 5*w, -2*w + 68 + 46 = -y. Let s(j) = -7*j - 13. What is the remainder when w is divided by s(-4)?
13
Let j(h) = h**3 + 19*h**2 - 43*h + 6. Calculate the remainder when 66 is divided by j(-21).
12
Suppose -2*v + 30 = 3*k + 5, 40 = 4*k + 4*v. Calculate the remainder when 66/((-1 + -1)/(76/(-57))) is divided by k.
4
Let z(r) = 5*r**2 + 42*r - 9. Let f be z(-8). Calculate the remainder when 18 is divided by -2 - (f/5 - 2).
3
Let u = 188 - 138. What is the remainder when 247 is divided by u?
47
Let y = -5 - -122. What is the remainder when 458 is divided by y?
107
Suppose -4*y + 3 = -5. Suppose -23 = -y*q - 3. What is the remainder when 39 is divided by q?
9
Suppose 3*n - 54 = 33. Let w = -1 + n. Suppose -4*o + 54 + w = 3*s, 5*o - 31 = -s. Calculate the remainder when 51 is divided by s.
25
Suppose -5*m - 2*d + 10 = 0, -4*m + 0*d + 8 = -2*d. Suppose 4 = -c + m*c. What is the remainder when c is divided by 4?
0
What is the remainder when 191 is divided by ((-528)/99)/((-2)/9)?
23
Let a be (-10)/35 - (-771)/(-21). Let h = a + 72. Suppose h = 4*f - 3*f. Calculate the remainder when f is divided by 18.
17
Suppose -4*s - 9 = -4*i + 67, 4*i + 2*s - 70 = 0. Calculate the remainder when 251 is divided by i.
17
Let q(c) = -c**2 - 3*c + 2. Let b be q(-2). Let f(l) = l**3 - 3*l**2 - l - 1. What is the remainder when 50 is divided by f(b)?
6
Calculate the remainder when 136 is divided by -6*((-6)/(-36))/((-2)/56).
24
Suppose -5*u - 265 = -5*t, t = 4*t + 3*u - 147. What is the remainder when 111 is divided by t?
9
Suppose z - 12 = 4*z. What is the remainder when (-3 - 0) + 202/2 is divided by (-3)/(6/z) - -23?
23
Let d = -24 + 7. Let o = 67 + d. What is the remainder when o is divided by 13?
11
Let y = 2335 + -2293. Suppose 2*v - 3*v = 4*o - 59, 3*v = 2*o - 33. What is the remainder when y is divided by o?
12
Suppose 0 = 4*y - 58 - 2. Let d(x) be the third derivative of -7*x**6/120 + x**5/30 + x**4/6 + x**3/3 + x**2. What is the remainder when d(-2) is divided by y?
13
Suppose 71 = 4*j - 0*p + p, 5*j - 4*p - 94 = 0. Let b(l) = -l**3 + 8*l**2 + 3*l - 7. Let g be 1/(34/8 + -4). Calculate the remainder when b(g) is divided by j.
15
Let l = -1 + 3. Suppose 0*t = -t + l. Suppose o - 18 = -t*o. What is the remainder when 22 is divided by o?
4
Let a = 146 + 12. What is the remainder when a is divided by 25?
8
Let s(r) = -r**3 - r**2 - 2*r + 5. Let n be s(0). Suppose n*t = -5*a + 80, 2*a - 33 = 3*t - 96. Calculate the remainder when 33 is divided by t.
14
Suppose 36 = -4*d + 5*f, -1 = -3*d - 2*f - 5. Let n be 4*(1 - 2/d). What is the remainder when 60 is divided by 27/(-6)*(-28)/n?
18
Let p(i) = 6 - 3*i**2 - 53*i + 5*i**2 + 0*i**2 + 54*i. What is the remainder when p(4) is divided by 11?
9
Let c(u) = -9 + u**3 - 21*u**2 + 10*u - 9*u + 0*u**3. What is the remainder when 46 is divided by c(21)?
10
Suppose 0 = -3*g + 4*h + 436, 3*g - 441 = -2*h + 5*h. What is the remainder when 303 is divided by g?
151
Let q(s) be the second derivative of s**4/3 - s**3/2 - s**2 + 3*s. What is the remainder when 58 is divided by q(-2)?
18
Suppose -q + 4*d + 0 = 11, 3*d + 3 = 0. Let b = 73 + q. What is the remainder when b is divided by 15?
13
Let i(n) = 5*n + 1. Let c(k) = 24*k - 3. Calculate the remainder when i(8) is divided by c(1).
20
Suppose -85*j - 1084 = -81*j. Let l = j + 414. Calculate the remainder when l is divided by 29.
27
Let y(i) = -i**2 - 22*i - 53. Let v be y(-12). Suppose -v = -k - 9. Calculate the remainder when k is divided by 11.
3
Let f be 11 - (3 + 2*-2). Let r = f + 10. What is the remainder when (-4335)/(-68) - 2/(-8) is divided by r?
20
Let n be (-33)/6*(-1 - 1). Let r = -11 + n. Suppose r = o + 5, -3*y - 3*o - 7 = -163. What is the remainder when y is divided by 29?
28
Suppose 81*u = 92*u - 297. What is the remainder when 618 is divided by u?
24
Let m(v) be the first derivative of -v**2/2 + 14*v + 9. Let u(f) = 2*f - 10. What is the remainder when u(8) is divided by m(12)?
0
Suppose -4*y + 583 = 5*z - 0*y, 3*y = -2*z + 229. Let m = -121 - -133. What is the remainder when z is divided by m?
11
Let g(y) = -5*y**2 + 2*y. Let o be g(2). Suppose 4*i = 2*m - 16, m + 5*i - 20 = 2. What is the remainder when m is divided by 24/o*(-10)/3?
2
Suppose i - 3 = -0*i, -i + 145 = 2*k. Calculate the remainder when k is divided by 65.
6
Suppose 0 = -6*w - 21 + 3. Calculate the remainder when 96 is divided by w - 23/(-1 + 0).
16
Calculate the remainder when ((-1054)/51)/(2/(-3)) is divided by 7.
3
Suppose -5*j = n + 8 - 3, -2*j - 5*n = 25. Suppose -39 = -j*b - b + f, b - 4*f - 39 = 0. Calculate the remainder when b is divided by 10.
9
Suppose -70 = -2*o - 2*l, o = 4*l + 59 - 4. Let x = -824 + 1017. What is the remainder when x is divided by o?
37
Suppose -3*v - r = -111, 4*r + 6 = 3*v - 120. Let a be -12*(1/(-1))/3. Suppose a = -j + 14. What is the remainder when v is divided by j?
8
Calculate the remainder when ((6 - 62) + 5)*